-v - p. Let t(a) = 12*a**3 - a**2. Give t(z).
-13
Suppose 3*a + 8 = 4*d, 15 = d - 4*d - 3*a. Let n(o) = 8*o**3 + o**2 + o + 1. What is n(d)?
-7
Let t be ((-2)/(-4))/(2/(-4)). Let c = t - 1. Let i be 2 + 1 + -2 + c. Let q(f) = 4*f - 1. Calculate q(i).
-5
Let i(n) = 0*n - 4*n + 4*n**2 - 1 + 8 - 3*n**2 - 1. Let b = -10 - -15. Determine i(b).
11
Let b(v) = v + 9. Let w = 1 + -2. Let z = -4 + w. Calculate b(z).
4
Let x(z) = -3*z + 2. Let f be 0/(((-2)/(-2))/(-1)). Suppose -4*d = -f*d - 8. Give x(d).
-4
Let w(x) = 7*x**3 + 5*x**2 - 3*x + 3. Let g(p) = 10*p**3 + 8*p**2 - 4*p + 5. Let s(b) = 5*g(b) - 7*w(b). Calculate s(-5).
-1
Let i(u) = -26*u + 8. Let v(q) = 9*q - 3. Let a(t) = 5*i(t) + 14*v(t). Suppose -4*p = 5 + 3. Give a(p).
6
Let i(c) = c + 1. Let l(m) = m**2 + 9*m + 9. Let g be l(-8). Let x be g/(2/10 + 0). Suppose 7*f - 2*f + x*k = 0, 4*f - 5*k = -18. Determine i(f).
-1
Let x(q) = -2*q - q - 4 - 3. Calculate x(-5).
8
Let z(s) = 3 + 3*s - 5*s + 0*s - 5 + 2*s**2. Calculate z(3).
10
Suppose 5*s + 10 = 3*a + s, 3*s = -3. Let f(h) = -h**3 + h + 5. Let u be f(0). Let p(j) = -a - 2 + u + 2*j. Calculate p(-3).
-5
Suppose 2*b - 10 - 4 = 0. Suppose -45 = -2*w + b*w. Let d = 6 + w. Let q(k) = k**3 + 3*k**2 + k + 1. Give q(d).
-2
Let s(u) = -u**3 + 4*u**2 + 5*u + 1. Let c = -5 - -5. Suppose o + 1 = c, 0 = -3*d - 5*o + 9 + 1. Calculate s(d).
1
Let m(a) = -2*a - 1. Let n(h) = -9*h**2 - 4*h - 2. Let u(x) = 3*m(x) - n(x). Calculate u(-1).
10
Suppose -2*j - 1 = 3*l + 5, -6 = -3*l + 2*j. Let h(u) = 4*u**2 - 7*u**3 + 8*u**3 + u + 5 + l*u**2 - 9. Let d = 1 + -4. Give h(d).
2
Let j(m) = -m**3 - 5*m**2 - 2*m + 5. Let h = -13 + 9. Determine j(h).
-3
Let x(a) = a**3 - 6*a**2 + a - 1. Suppose 0 = 2*j + 3*q - 3, -4*j + 4*q + 28 + 8 = 0. Let t be x(j). Let w(m) = m**2 + 5*m - t - 4*m - 4*m. What is w(4)?
-1
Let v(z) = 23*z**2 + 3*z + 14. Let f(p) = -8*p**2 - p - 5. Let q(b) = -17*f(b) - 6*v(b). What is q(-2)?
-5
Let g = -2 + 5. Let o(c) = 2*c**2 + 3*c + 10. Let i(y) = -y**2 - 2*y - 6. Let s(m) = -5*i(m) - 3*o(m). Calculate s(g).
-6
Let i be (2 - 2) + 1 + -1. Let a(z) be the third derivative of 0*z + z**3 + 2*z**2 - 1/24*z**4 + 0. Calculate a(i).
6
Suppose 0 = -4*m + m - 24. Let t(c) = -c. Calculate t(m).
8
Let q(b) = -b - 1. Let i(p) = -p + 2. Let r be i(3). Let s = 2 + r. Let a = 2 - s. What is q(a)?
-2
Let y(h) = 2*h**2 + 15*h + 7. Let m(g) = g**2 + 7*g + 3. Let c(u) = -13*m(u) + 6*y(u). Let x be c(-2). Let t(s) = s**3 - 3*s**2 + 2*s - 1. What is t(x)?
-1
Let x(r) = -2*r**2 + 10*r + 2. Let p be 2 - 1*(-1 + 0). Let u(m) = m**2 - 5*m - 1. Let c(t) = p*x(t) + 5*u(t). Calculate c(3).
7
Let s(b) = 0*b + 1 + 8*b - 9*b. Calculate s(4).
-3
Let p(o) = -2 - 15*o**2 - o - 2*o**2 - o**3 + 5*o**2 + 8*o**2. Let y(c) = -2 + 2*c**3 - 3*c**3 - c + 0*c**2 - 4*c**2. Let l(t) = 5*p(t) - 6*y(t). What is l(-4)?
-2
Let n(f) be the third derivative of -f**5/120 - f**4/6 - f**3/3 + 8*f**2. Let p(r) be the first derivative of n(r). Give p(0).
-4
Let f(o) = 11*o**2 - 25*o + 27. Let c(r) = 5*r**2 - 12*r + 13. Let q(k) = 13*c(k) - 6*f(k). What is q(-5)?
12
Let s(y) be the second derivative of 2*y + 7/12*y**4 + 0*y**3 + 0 - 1/20*y**5 + 3/2*y**2. Let l(t) = t**2 - 17*t + 37. Let k be l(15). What is s(k)?
3
Let z(y) = y**2 - y. Suppose 0 = 4*r - 8 + 4. Let b be 78/(-2)*r/(-3). Suppose -2*n = 2*c + c - b, 5*c = n. Give z(c).
0
Let t(v) = -v**3 - v - 6. Let s be t(0). Let o(k) = k**2 + 5*k - 6. What is o(s)?
0
Suppose -3*s = -4*r + 34, 0 = -5*r - 2*s + 33 - 2. Let x(n) be the first derivative of -3/2*n**2 - 2 - 1/3*n**3 + r*n. Determine x(-5).
-3
Suppose 2*n + 2*a = -3*a - 13, -2*a - 1 = 5*n. Let t(j) = 3*j. What is t(n)?
3
Let s = -1 + 4. Let r(u) = 3*u - 2. Let y(p) = 0 + 5 - 3*p - 2. Let h(w) = s*y(w) + 4*r(w). Give h(1).
4
Let u(m) = m - 6. Suppose 2*q = 11 + 3. Let c be u(q). Let k(l) = 6*l**2 + 0*l - l - 3 + 4. Determine k(c).
6
Let t(l) = -l**3 + l**2 - 2*l - 6. Let d be t(0). Let i(z) = -2*z - 9. What is i(d)?
3
Let m be (1 + 6/(-4))*2. Suppose -4*l = k + 1, -k + 16 = -4*l + 1. Let i(t) = 10*t - k*t - 9*t. Give i(m).
6
Let p(h) be the first derivative of h**4/4 - 5*h**3/3 + 2*h**2 - h - 1. Let c be 14/18 - (-4)/18. Let l be (c - 0)*(-4)/(-1). What is p(l)?
-1
Let p(k) = 244 - 244 - k**2. Determine p(1).
-1
Let d(g) = 33*g + 7 + 2*g**2 - 33*g. Let t(z) be the first derivative of z**2/2 + z - 2. Let s(b) = -d(b) + 5*t(b). Determine s(3).
-5
Suppose -2*h + 4*h + 12 = 0. Let d(q) = -q - 3. Let r be d(h). Let a(z) = 22*z + 1 + 3 - 23*z. Calculate a(r).
1
Let a be (-1)/3 + (-221)/(-51). Let k(h) = -h + 1. Calculate k(a).
-3
Let t be 2058/(-245) + (-4)/(-10). Let h(m) = m**2 + 9*m + 1. Determine h(t).
-7
Let u(h) = h**3 + 11*h**2 - 12*h - 1. Let c be 2 + 204/(-15) + 2/(-5). Give u(c).
-1
Let n(b) = 2*b**3 + 181*b**2 - b - 181*b**2. Calculate n(-1).
-1
Let y(k) = k**3 - 3*k + 4*k**2 - 14*k**2 - 1 + 12*k**2. Give y(-3).
-1
Suppose 5*o + 8 = -3*w, 2*o = -5*w - o - 24. Let g(r) = r**3 + 5*r**2 - 6*r - 6. Give g(w).
-6
Let v(n) = -7*n + 1. Let c(f) = -2*f. Let a(t) = -8*c(t) + 3*v(t). Calculate a(5).
-22
Let o(r) = -r**3 + 6*r**2 - 6*r + 5. Let d be o(5). Suppose d = 3*z - v - 7, 3*z - 5*v - 17 = -6*v. Let q(h) = 5*h**2 + 0*h + h**3 - 2*h**3 + h - z. Give q(5).
1
Let c(h) = h**3 - 2*h. Let x be 6/4*(-36)/(-27). Determine c(x).
4
Suppose -n + 5 = 5*i, 3 = 3*n + 5*i - 2. Suppose 3*c + 5*v = 24, -4*v = -4*c - n*v. Let b(o) = -5*o**2 - 2*o**3 - 9*o**2 + 11*o**2 + 3*o**3 - 1. Calculate b(c).
-1
Let p be (-1)/(((-3)/9)/1). Suppose l + 20 = -p*l. Let h(u) = 5*u**2 - 8*u + 1. Let q(x) = -x**2 - 1. Let r(z) = -h(z) - 6*q(z). Give r(l).
-10
Let v(x) be the first derivative of x**4/4 + x**3/3 - x**2/2 + 9*x + 12. What is v(0)?
9
Let j(g) = g**3 - 2. Let c be 4/18 + (-370)/45. Let m = -6 - c. What is j(m)?
6
Let o(i) be the first derivative of -i**4/4 + i**2/2 + 10*i + 163. Let d(c) = c**3 - 2*c**2 - c + 2. Let v be d(2). Give o(v).
10
Let v(d) = 2*d + 6. Suppose 4*q - 10 = 10. Suppose 5*a = 4*y + 8, q*a - 27 = -3*y + 2. Suppose -j + y*w - 7 = -2*j, 0 = -j - w - 1. Give v(j).
-4
Let z(t) = -4*t - 1. Let b(g) = -23*g - 6. Let a(o) = -6*b(o) + 34*z(o). What is a(-4)?
-6
Let g(h) = -26*h - 29*h - 1 + 48*h. Give g(-2).
13
Let t(m) = -4 + 0*m + m**2 + 0*m + 6*m. What is t(-7)?
3
Let a(s) be the first derivative of s**3/3 - 2*s**2 + 4*s - 1. Let t be a(4). Let x(l) be the second derivative of -l**3/3 + 3*l**2/2 + 18*l. Give x(t).
-5
Let c(n) = -n**2 - 7*n - 8. Let r be c(-6). Let t(x) = -3*x + 2. Let g(u) = -2*u + 1. Let b(k) = -7*g(k) + 4*t(k). Give b(r).
-3
Let g(p) = 10*p - 2*p - p. Suppose -3*i + 5*y = -7*i + 12, 12 = 4*i + 2*y. Suppose -i + 2 = s. Calculate g(s).
-7
Let y(d) = d + 3. Let k(h) = 13*h + 25. Let s(x) = 7*x + 13. Let n(v) = -6*k(v) + 11*s(v). Let m(z) = -2*n(z) - 5*y(z). Give m(-3).
8
Let k(n) be the third derivative of -n**5/30 + 7*n**4/24 - 5*n**3/6 + 2*n**2. Let l(c) = c**2 - 8*c + 4. Let o be l(8). Determine k(o).
-9
Let m(v) = v**2 - 4*v + 2. Let g = -2 - -7. Suppose 0 = p + 3*y - 3, 3*y = g*p - 4*p - 3. Calculate m(p).
-1
Let q be 5 - (9 + (-6 - -5)). Let x(w) = w**3 - 3*w + 1. Calculate x(q).
-17
Let l(v) = -4 - 57*v + v**2 - 60*v + 114*v. Let j = 0 + -6. Let n(h) = -2*h - 7. Let t be n(j). Calculate l(t).
6
Let o(f) be the third derivative of f**4/3 + 5*f**2. What is o(-1)?
-8
Let n(m) = -m**3 - 2*m**2 + 4*m - 2. Let c be ((-5)/10)/(3/(-12)). Give n(c).
-10
Let w = -69 + 54. Suppose -3*i = i + 36. Let o = w - i. Let k(l) = -l**3 - 5*l**2 + 7*l. Determine k(o).
-6
Let i(h) = h - 1. Suppose -3*u - 26 = q - 7*u, 0 = 3*q + 3*u + 3. Let o be (-1)/(1/q*-3). Give i(o).
-3
Let l(c) = -c**2 + c. Let i(j) = -4*j**2 - 3*j - 10. Let x(z) = -i(z) + 3*l(z). What is x(-7)?
17
Let v(m) = 7*m**2 - 2 + 6 - 14 - 9*m. Let w(u) = 3*u**2 - 4*u - 5. Let r(t) = 4*v(t) - 9*w(t). Calculate r(0).
5
Let o(n) be the third derivative of n**6/120 - 7*n**5/60 + n**4/6 + 2*n**3/3 + 20*n**2 - 2*n. What is o(6)?
-8
Let w(a) be the second derivative of -a**3/3 + 9*a. Give w(-1).
2
Suppose 5*r = r - 8. Let t(j) = 2*j**2 - 2*j - 5. Let x(o) = 2*o**2 - 3*o - 6. Let s(g) = 6*t(g) - 5*x(g). Calculate s(r).
2
Let v(m) = -2*m - 9. Suppose 5*y = -11 - 24. Let t be v(y). Let z(j) = 4*j + 0*j - t*j. Give z(0).
0
Suppose -5*m = -5*x + 5, 